the highest common factor of g and 1.
1
Let l = -73 + 87. Calculate the greatest common divisor of l and 14.
14
Let j be 1/5 + (-51)/5. Let o be (72/(-5))/(2/j). What is the highest common divisor of o and 8?
8
Let v(f) = 7*f + 5. Let s be v(3). What is the greatest common factor of 26 and s?
26
Suppose -4*t - 2*h = -94, t - 2*h = 2*h + 28. What is the highest common factor of t and 8?
8
Let u(d) = d**3 - 2*d**2 + d + 1. Let c be u(2). What is the greatest common factor of 3 and c?
3
Let a(r) = -6*r + 2. Let f be a(-4). Let o(i) = 8*i - 3. Let p = -4 + 6. Let g be o(p). What is the highest common divisor of f and g?
13
Let c be (-1)/((-3)/69) - -2. Suppose l + c = 4*p, -5*p = -0*p + l - 20. What is the highest common divisor of 55 and p?
5
Suppose 4*x - 3*g + 26 = 0, -x - 5*g + 1 = -2*g. Let l be (8/(-10))/(1/x). Let n be l/14 + 150/14. What is the greatest common divisor of 44 and n?
11
Let c(b) = b**3 - b**2 + b + 54. Let m be c(0). Let v(n) = n**3 + 6*n - 7. Let o be v(4). Calculate the highest common factor of o and m.
27
Let g(t) = 3 - 3 + 13*t**3 + 0. Let k be g(1). What is the highest common factor of k and 91?
13
Let z = 38 + -36. Calculate the greatest common factor of z and 3.
1
Suppose -4*l - t = -9*l + 294, -5*l + 282 = 2*t. Let v = l - -12. Calculate the highest common divisor of v and 10.
10
Let j = -55 - -223. Calculate the greatest common divisor of j and 24.
24
Let q be (3 - (-1 + -11))*1. Suppose -4*y + q = u, -1 = -5*u + y + 11. Let x(l) = -l**2 + 6*l - 3. Let c be x(5). What is the highest common factor of c and u?
1
Let t(w) = -45*w - 4. Suppose -6 + 26 = -5*x. Let p be t(x). Let l be 10 + 9 - (3 + 0). Calculate the highest common divisor of l and p.
16
Let m(c) = -3*c**2 - 8*c - 3. Let f be m(-6). Let t be (-1)/(-4) + f/(-4). Suppose 0 = 7*g - 191 - 145. What is the greatest common divisor of g and t?
16
Suppose -z + 5*i + 28 = 0, 2*z - 3*i = -0 + 56. What is the highest common factor of 35 and z?
7
Let l be 1316/(-12) + (-1)/3. Let j(u) = -u - 11. Let x be j(-8). Let s be 1 + x + l/(-5). Calculate the greatest common divisor of s and 20.
20
Let v be (-10)/(((-9)/(-6))/3). Let d be v*(-1 + 2)/(-1). What is the greatest common factor of 4 and d?
4
Let g(n) = 20*n + 19. Let l be g(13). Calculate the highest common factor of 31 and l.
31
Let i(y) be the second derivative of y**4/12 + 3*y**3/2 + 4*y**2 - 10*y. Let u be i(-11). What is the highest common factor of u and 20?
10
Let h = 116 + -35. Suppose 0*f = 3*f - 27. What is the greatest common factor of f and h?
9
Suppose 0 = -o + 2*s + 19, 26 = 4*o + s - 14. Suppose 3*w = -4*r + 297, 17 = -2*w + 2*r + 215. Calculate the greatest common divisor of o and w.
11
Suppose -2*m = -6 - 12. Let n be (-2)/((m/(-3))/21). Let i(j) = j**2 + 3*j + 7. Let s be i(-3). What is the highest common divisor of s and n?
7
Suppose 0*k + 3*t + 6 = k, 0 = -k - 3*t - 6. Let n be 102 + k + 1 + -5. Calculate the greatest common divisor of 14 and n.
14
Let l = -19 + 28. Let p be 2/2 + 7*5. Suppose 0*f + f = p. What is the highest common divisor of l and f?
9
Let w(q) = -q**3 - 2*q**2 + 6*q + 1. Let a be w(-4). Suppose 2*i - i - a = 0. Let z be (-4)/2 - (-9 + -2). What is the greatest common factor of z and i?
9
Let f(a) = 127*a**2 - 1. Let s be f(1). Suppose 0 = 3*q - 0*q - 42. Calculate the greatest common divisor of s and q.
14
Let p = -91 + 157. Calculate the greatest common divisor of p and 6.
6
Let l = 10 + 9. Let k = l - -9. What is the highest common divisor of k and 70?
14
Suppose -7*k + 2*k = -140. Suppose 0 = 6*l - 5*l - k. What is the greatest common factor of 70 and l?
14
Let g(j) = j**3 - 5*j**2 + 6*j - 2. Let v be g(6). Suppose 0 = y + y - 40. Suppose -6*i = -4*i - y. What is the highest common divisor of i and v?
10
Let o(v) = -v**2 - 10*v - 9. Let x be o(-6). Suppose -3*f = -f + 24. Let a = f + 42. What is the greatest common factor of a and x?
15
Suppose -44 + 8 = -4*s. Calculate the greatest common divisor of 18 and s.
9
Suppose 319 = 5*w + 94. Suppose 84 = 3*c - w. Let d = -25 + c. What is the greatest common factor of d and 72?
18
Let y(g) = -g**3 - g + 4. Let f be y(0). What is the highest common factor of 36 and f?
4
Suppose -2*c + 10 + 6 = 0. Calculate the highest common divisor of c and 1.
1
Let h be ((-24)/10)/(-6) - (-136)/10. What is the highest common divisor of 70 and h?
14
Let s = 43 - -29. What is the highest common divisor of 18 and s?
18
Let h be (1/1 - 3) + 17. Suppose -3*z = -h, 6*a = 3*a + z + 13. Let x be 1/(-3*(-1)/a). Calculate the highest common factor of 1 and x.
1
Let k(c) = c**3 + 6*c**2 - 9*c - 6. Let l be k(-7). Calculate the greatest common factor of l and 1.
1
Suppose 4*a = -5*s + 58, -2 = -a - 0*a + 5*s. Calculate the greatest common divisor of 84 and a.
12
Suppose 7*q = 2*q + 75. Let y be (-8 + 0)/((-6)/q). What is the highest common divisor of 180 and y?
20
Suppose -5*y + 10 = 100. Let r = -2 - y. What is the greatest common divisor of r and 176?
16
Suppose 5*t + 7 = 6*t. Suppose -31 + t = -2*c. What is the greatest common divisor of c and 12?
12
Suppose -3*l = 5*a - 91, -8*l - 72 = -3*a - 4*l. What is the greatest common divisor of a and 180?
20
Let v(q) = 2*q**3 - 4*q**2 + 3*q. Let u be v(2). Let d = -4 + u. What is the highest common factor of 6 and d?
2
Suppose 2*v - 111 = 3*q, -6*v + 177 = -2*v + 3*q. What is the greatest common divisor of v and 8?
8
Let h be 14/(-21) - (0 - (-83)/(-3)). What is the highest common factor of 3 and h?
3
Let x = 2 - 0. Let r = -13 + 22. Let c = 23 - r. Calculate the greatest common divisor of x and c.
2
Suppose -10 = -3*v - 3*h + 2, 0 = v + 4*h - 10. Suppose 134 = 2*u + v*k, -4*u - 3 + 239 = -4*k. Calculate the greatest common factor of 9 and u.
9
Let m be (16/10)/(14/35). Suppose 5*l - 4*w = -2*w + 217, -m*w + 16 = 0. Calculate the highest common factor of 5 and l.
5
Let a be (-1)/(-7) - 3018/(-42). What is the highest common factor of a and 9?
9
Let k be (-1 - 0)*-1*12. What is the highest common divisor of 120 and k?
12
Let x(m) = m**2 - 12*m - 24. Let j be x(21). Calculate the highest common factor of 15 and j.
15
Suppose -4*k + 54 = -1414. Suppose -k + 42 = -5*q - i, -61 = -q - i. Calculate the greatest common divisor of q and 6.
6
Suppose -j - 9 = -2. Let r be 4 + 0 + (22 - j). What is the highest common factor of r and 33?
33
Let d(r) = 7*r**3 + 2*r**2 + r - 1. Let l be d(2). Calculate the greatest common divisor of l and 26.
13
Suppose 4*k + 525 = 5*g - k, -k + 543 = 5*g. What is the highest common divisor of g and 12?
12
Let z = 1 + -1. Let o = 4 - z. Suppose 0 = o*g - 3*g - 28. Calculate the greatest common factor of 42 and g.
14
Suppose 10 = q - 5. Let h = 30 + q. What is the highest common divisor of 18 and h?
9
Suppose -5*m - l - l + 30 = 0, -4*l = m - 24. Let x = m + -6. Let a = x - -6. Calculate the greatest common divisor of a and 20.
4
Let d be (-25 - -19)/(2/(-11) - 0). Let z(i) = -3*i - 1. Let b be z(-4). What is the highest common factor of d and b?
11
Suppose 0*o - 2*h - 28 = -o, 2*h = -2*o + 62. Suppose -4*k = -8 - 0, -k = 2*c - 14. Suppose -w + 0*w = -c. What is the greatest common divisor of w and o?
6
Suppose -4*n - 22 = 4*k + 6, -2*k - 18 = 4*n. Let m be -2 - 14/4*n. Suppose -m*x = -0*x - 55. Calculate the highest common divisor of x and 77.
11
Let c(b) = -4*b - 2. Let u be c(-6). Suppose 0*w - 4 = -2*w. Calculate the highest common factor of u and w.
2
Let z = 16 + -7. Calculate the highest common divisor of 63 and z.
9
Let h(g) = -g**3 - 6*g**2 + 6*g - 4. Let z be h(-7). Suppose -z = -5*c + 57. Calculate the highest common factor of 12 and c.
12
Suppose -c - 68 - 19 = 0. Let q be (c + 0)*2/3. Let t = -34 - q. What is the highest common factor of t and 264?
24
Let g = -2 - 9. Let j = g - -25. Calculate the greatest common divisor of j and 2.
2
Suppose -4 = -q + 3*f - f, 2*f = -3*q + 36. What is the greatest common factor of 15 and q?
5
Let i(c) = c + 23. Let b = -26 - -16. Let v be i(b). What is the greatest common divisor of v and 104?
13
Suppose 16 - 4 = 4*a. Suppose -18 + 6 = -6*t. Suppose 0 = t*n - 17 - 1. What is the greatest common factor of a and n?
3
Let f be (-10)/3*48/(-20). Suppose -f = i + 66. Let v be 4/(-18) + i/(-9). Calculate the greatest common divisor of 8 and v.
8
Su